8 = 0. What are the prime factors of n?
2, 13
Let z be ((-2)/(-3))/((-6)/(-9)). Let y be ((-18)/(-8) - z)*-4. Let k(d) = -d**2 - 7*d - 5. What are the prime factors of k(y)?
5
Let a(l) = -4*l - 9. Let y = -1 - 2. What are the prime factors of a(y)?
3
Suppose 137 - 38 = w. Let b be (w + -1)*(-1)/(-2). List the prime factors of 14/b - 103/(-7).
3, 5
Let n = 3 + -16. Let u = 8 - n. List the prime factors of u.
3, 7
Suppose 0 = -0*r - r - n + 21, 115 = 5*r + 3*n. List the prime factors of r.
2, 13
What are the prime factors of (11 - (-5 - -2))/(6/81)?
3, 7
Suppose -2*z + 10 = -28. List the prime factors of z.
19
Let l = 118 + -45. List the prime factors of l.
73
Suppose -37 = -5*v - 157. Let t be 12*(2/(-6) - 1). Let f = t - v. What are the prime factors of f?
2
Suppose -2*t = -3*a + 78, 2*t = -0*t - 6. Suppose 0*p = -2*p + a. List the prime factors of p.
2, 3
Let v be (-3)/(((-2)/(-86))/(-1)). What are the prime factors of 4/18 + v/27?
5
Suppose 3*n + 2 = 4*n. Suppose -n*f + 0*f - 2 = 0. Let w = 13 + f. What are the prime factors of w?
2, 3
Suppose 5*f - 1563 = m, -5*f + 5*m - m = -1557. List the prime factors of f.
313
Let t = 15 - 18. Let s = t - -10. What are the prime factors of s?
7
Let x = -87 + 167. List the prime factors of x.
2, 5
Let p(d) = d**3 + 8*d**2 - 6*d + 1. List the prime factors of p(-5).
2, 53
Let m(t) = -t**3 - 5*t**2 - 5*t. Let b be (12/(-2) - -1)*1. List the prime factors of m(b).
5
Let g(p) = -p**3 - p**2 + p - 1. Let y(s) = -4*s**3 - s**2 + 3*s - 11. Let h(v) = 5*g(v) - y(v). Let r be h(-4). Let k = r + 11. List the prime factors of k.
3
Let s(y) = y + 14. Let j be s(-7). Suppose 3*n - 3*q - 92 = -j*q, 0 = -4*n - 4*q + 120. What are the prime factors of 204/n + (-4)/14?
7
List the prime factors of 3/(-15) + 0 + (-672)/(-10).
67
Suppose -v = -4*j + 3, 5*v + 4*j - 6 - 3 = 0. Suppose -4*h + 13 = v. Suppose 0 = -4*b + 3*g - 0*g + 72, 0 = h*b + 2*g - 54. What are the prime factors of b?
2, 3
Let w = 59 + 25. List the prime factors of w.
2, 3, 7
Suppose -26 + 1 = -5*a. Suppose 3*u - 124 = a*c, c - 127 = -3*u - u. What are the prime factors of u?
3, 11
Let b(w) = w**3 - 11*w**2 + 10*w + 12. Suppose 0*a - 5*a + 10 = 0, -38 = -4*t + a. List the prime factors of b(t).
2, 3
Let a(s) = 197*s + 7. List the prime factors of a(2).
401
Suppose 5*o + 94 = 284. What are the prime factors of o?
2, 19
Let x(k) = -k**2 + 7*k + 5. Let z be x(7). Let n = 17 - z. List the prime factors of n.
2, 3
List the prime factors of -2 + 3/((-6)/(-140)).
2, 17
Let b(v) = 20*v**2 - 5*v + 6. List the prime factors of b(3).
3, 19
Suppose -3*y - 191 = -4*t + 287, 0 = -3*t + 5*y + 353. What are the prime factors of t?
11
Suppose 5*u - 760 = -0*u. List the prime factors of 2/7 - u/(-7).
2, 11
Let l be -1*(4 + -3)*-3. Suppose -l*m - 16 + 49 = 0. What are the prime factors of m?
11
Let c be 1/5 - 57/(-15). Suppose c*l = -4 - 0. List the prime factors of 38/(-2)*(l + 0).
19
Let g(b) = 28*b**2 + 2*b - 1. Let y be g(1). Suppose -2*z + y - 5 = 0. List the prime factors of z.
2, 3
Let n(g) = g + 9. Let i be n(-9). Suppose i*o + o - 2*r = 3, 0 = -4*o - 3*r + 12. Let z(l) = 2*l**3 - 4*l**2 - l - 1. What are the prime factors of z(o)?
2, 7
Let j(n) = -n + 15. List the prime factors of j(12).
3
Let w be (-1)/(1*2/(-4)). Suppose w*d + 2*d = 0, 4*d = -2*g + 10. What are the prime factors of g?
5
Let d be (9/15)/(1/(-5)). List the prime factors of (d + 4 + 7)/2.
2
Let f(y) = 0*y**2 + 5*y**3 - 12 + 2*y - 7*y + 6*y**2. Let a(h) = 2*h**3 + 2*h**2 - 2*h - 4. Let u(v) = 8*a(v) - 3*f(v). What are the prime factors of u(3)?
2, 5
Suppose 2*m + 3*m = 15. Suppose 0 = m*u + 2*q - 23, 2*u + 5*q = 12 + 7. Suppose -35 = -4*w - d, 2*w - 2*d = u*w - 43. What are the prime factors of w?
3
Suppose -225 + 46 = -5*o + 3*s, -o + 3*s = -31. List the prime factors of o.
37
Let p(f) = -f**3 + f**2 - f + 2. Let q be p(2). What are the prime factors of ((-33)/6)/(2/q)?
11
Let d(y) = -y**2 - 5*y - 1. Let h be d(-5). Let k = h - -4. Suppose k*m - 2*m = 10. What are the prime factors of m?
2, 5
Let d be (10/20)/(2/8). Let o = 16 - d. What are the prime factors of o?
2, 7
Suppose 5*q = -11*l + 9*l + 314, 785 = 5*l - 5*q. List the prime factors of l.
157
Suppose -5*t + 2*m = -70, 5*t - 2*m - 60 = 2*m. What are the prime factors of t?
2
Let n be (-2 - (-15)/6)*2. What are the prime factors of 5/n*(-18)/(-10)?
3
Suppose -2*v = 2*b - 2, 0*b - 4*b - 10 = -3*v. What are the prime factors of (v/(-4))/((-1)/26)?
13
Let v(l) = -3 + 3 + 5 + l**2 + 0*l**2 - 6*l. Let r be v(6). Suppose 2*k + 0*k - 92 = -5*f, 86 = r*f - 4*k. What are the prime factors of f?
2, 3
Let m(b) be the third derivative of b**4/12 - 2*b**3/3 - b**2. Suppose 0*j - 18 = -3*j + 3*y, 0 = 5*y - 5. List the prime factors of m(j).
2, 5
Suppose i + i - 5*w - 78 = 0, 3*i - 75 = -3*w. Suppose -5*d = -21 - i. What are the prime factors of d?
2, 5
Let c = -98 + 62. List the prime factors of (-2)/12 - 330/c.
3
Let y(s) = s - 8 + s - 4*s. Let w be y(-6). What are the prime factors of 1/2 + 34/w?
3
Let v(f) = 5*f**3 - 8*f**2 + 6*f - 5. What are the prime factors of v(3)?
2, 19
Let g = -300 - -499. List the prime factors of g.
199
Let h = 196 + -129. List the prime factors of h.
67
Let m be 4/(24/813)*2. Suppose -m = -5*t + d, t + 9*d - 6*d - 51 = 0. List the prime factors of t.
2, 3
Let u(v) = -v**2 + v - 3. Let p be u(0). Let n = p - -7. List the prime factors of n.
2
Let k(f) = f**3 + f**2 - 2*f - 1. Let b be k(-1). Suppose -3*r = -3*a - 3, 2*a = r + b + 2. List the prime factors of (-291)/(-33) + a/22.
3
What are the prime factors of 1109/9 + 14/(-63)?
3, 41
Suppose -r + 5 + 0 = 0. Suppose -a = -r*l - 0*l + 24, 3*a = -2*l - 4. What are the prime factors of (14/a)/((-3)/6)?
7
Let n(i) = -i**2 + 12*i - 19. Let f be n(10). Let y(x) = x**3 - 5*x**2 - 5*x - 5. Let k be y(6). List the prime factors of k + f/(-1) + 4.
2
Suppose -3*n - n = -72. List the prime factors of n.
2, 3
Let h = -15 - -13. Suppose 4*g = k + 4*k + 49, -21 = -2*g - k. What are the prime factors of -2 + 4 + h + g?
11
Suppose -3*n + 50 = -n. List the prime factors of n.
5
Let x = 10 + 11. What are the prime factors of x?
3, 7
Let j(h) = -h**2 + 4*h + 4. Let y be j(4). What are the prime factors of (44/8)/(2/y)?
11
Suppose 0 = -5*v - 5*j + 825, 2*v = -j + 3*j + 322. What are the prime factors of v?
163
Let k be 6/36 + 345/(-18). Let l = -10 - k. What are the prime factors of l?
3
Suppose -5*n = i - 14, -7*n + 3*n = 2*i - 16. Let j(a) = -4 + 8*a**2 - i*a**2 + a + 5. What are the prime factors of j(-1)?
2
Let b be (3/(-9))/((-1)/6). Suppose -2*u = -5*n - 27 - 16, -n + 25 = b*u. List the prime factors of u.
2, 7
List the prime factors of 132 - (-1 - -3 - -2).
2
Suppose 4*l + 0*v + 2*v - 68 = 0, 0 = 4*l - 3*v - 78. Suppose 2 = -2*y + l. List the prime factors of y.
2
Suppose 0 = 3*t - 2*t + p - 89, 3*t = -p + 269. List the prime factors of t.
2, 3, 5
Let c be 0/5 + (-6 - -1). Let n(h) = -h**2 - 7*h + 2. List the prime factors of n(c).
2, 3
Suppose 3*o - 12 = 2*o. List the prime factors of (-2)/(-6) - (-116)/o.
2, 5
Suppose p = 6*p. Suppose 4*k - 82 - 46 = p. Suppose -2*u = -6*u + k. List the prime factors of u.
2
Let i(z) = -142*z**3 + z**2 + 1. What are the prime factors of i(-1)?
2, 3
Suppose -4*v = d - 49, -4*v + 64 = -2*d - 2*d. Suppose -b - 1 = v. What are the prime factors of (-66)/b - 4/(-14)?
5
What are the prime factors of (-3)/(-9) + 258/9?
29
Let m = 8 - -1. Suppose 3*x - 3 = m. Suppose -2*p + c + x = 0, p + 4*c = 5*p. List the prime factors of p.
2
Let l(z) = z**2 + 6*z - 3. What are the prime factors of l(-9)?
2, 3
Let q be (1 - 2)/2*-4. Let m be q/8 - 6/24. Let f = m + 7. What are the prime factors of f?
7
Suppose -z - 4*z - 5 = 0. Let h = 5 + z. Suppose -h*o - 26 = -82. What are the prime factors of o?
2, 7
Let j be (19/(-3))/((-7)/(-21)). Let c = -7 - j. List the prime factors of c.
2, 3
Let g be (-2)/4 - (-36)/8. Let n(a) = a**3 - 5*a**2 - 4*a - 7. Let b be n(6). Suppose 9 = -3*f, 0 = 5*d - g*f - b - 82. List the prime factors of d.
3, 5
Let c = 53 + -31. What are the prime factors of 54/4 + (-11)/c?
13
List the prime factors of ((-5)/(10/28))/((-8)/76).
7, 19
Let s = -4 + 15. Let n = 37 - s. List the prime factors of n.
2, 13
Suppose -p = 2*z - 19, 2*p - 27 = -z + 5*p. List t